r of 23556 and 39.
39
Calculate the highest common factor of 40 and 60.
20
Calculate the greatest common factor of 75 and 135.
15
Calculate the greatest common factor of 114 and 304.
38
What is the highest common factor of 1072 and 16?
16
What is the greatest common factor of 488 and 61?
61
Calculate the greatest common factor of 90 and 10935.
45
Calculate the highest common divisor of 216 and 24.
24
Calculate the greatest common factor of 120 and 3525.
15
What is the greatest common factor of 110 and 726?
22
Calculate the highest common factor of 18 and 918.
18
Calculate the greatest common factor of 121 and 33.
11
Calculate the greatest common divisor of 18 and 333.
9
What is the highest common divisor of 275 and 125?
25
What is the greatest common factor of 1598 and 34?
34
What is the greatest common divisor of 22 and 116?
2
Calculate the highest common factor of 207 and 135.
9
What is the highest common factor of 208 and 260?
52
What is the highest common factor of 1589 and 14?
7
What is the greatest common factor of 676 and 650?
26
What is the highest common factor of 7 and 343?
7
Calculate the greatest common factor of 245 and 91.
7
Calculate the highest common factor of 15 and 3615.
15
Calculate the highest common factor of 2787 and 3.
3
Calculate the highest common divisor of 40 and 325.
5
What is the greatest common divisor of 15 and 3495?
15
What is the greatest common factor of 33 and 81?
3
What is the greatest common factor of 737 and 134?
67
What is the highest common factor of 30 and 2865?
15
What is the greatest common factor of 217 and 155?
31
What is the highest common factor of 5551 and 122?
61
Calculate the highest common divisor of 9417 and 516.
129
What is the greatest common factor of 4 and 1688?
4
What is the greatest common factor of 592 and 37?
37
Calculate the greatest common factor of 1330 and 30.
10
What is the greatest common factor of 85 and 153?
17
Calculate the greatest common divisor of 24 and 2.
2
Calculate the greatest common factor of 146 and 511.
73
What is the greatest common factor of 27 and 1503?
9
Calculate the greatest common factor of 924 and 756.
84
What is the greatest common divisor of 5 and 541?
1
What is the highest common divisor of 301 and 7?
7
What is the highest common divisor of 16 and 400?
16
What is the highest common divisor of 495 and 153?
9
What is the greatest common factor of 6 and 674?
2
What is the highest common factor of 629 and 527?
17
What is the highest common divisor of 52 and 12?
4
What is the highest common divisor of 110 and 176?
22
What is the highest common factor of 216 and 1452?
12
Calculate the greatest common divisor of 11 and 16038.
11
What is the greatest common divisor of 1426 and 62?
62
What is the highest common divisor of 174 and 406?
58
What is the greatest common divisor of 243 and 6?
3
What is the highest common factor of 423 and 987?
141
Calculate the greatest common divisor of 28 and 1638.
14
What is the highest common divisor of 85 and 115?
5
Calculate the greatest common divisor of 33 and 197.
1
Calculate the greatest common factor of 256 and 48.
16
What is the highest common factor of 5 and 85?
5
Calculate the highest common divisor of 494 and 1404.
26
What is the greatest common factor of 264 and 21648?
264
What is the highest common divisor of 18 and 4626?
18
Calculate the greatest common factor of 155 and 40.
5
What is the greatest common factor of 27 and 1269?
27
Calculate the highest common divisor of 84 and 903.
21
What is the highest common divisor of 154 and 3976?
14
Calculate the highest common factor of 42 and 6342.
42
Calculate the highest common factor of 1016 and 17018.
254
What is the greatest common factor of 60 and 1190?
10
Calculate the greatest common factor of 988 and 52.
52
What is the highest common divisor of 360 and 45?
45
What is the highest common divisor of 168 and 408?
24
Calculate the highest common divisor of 15 and 405.
15
Calculate the greatest common divisor of 4755 and 15.
15
Calculate the greatest common factor of 13561 and 71.
71
Calculate the greatest common factor of 40 and 23960.
40
Calculate the greatest common divisor of 26 and 377.
13
What is the highest common factor of 4841 and 206?
103
Calculate the greatest common factor of 180 and 1620.
180
Calculate the highest common divisor of 90 and 54.
18
Calculate the highest common factor of 305 and 488.
61
What is the greatest common factor of 608 and 38?
38
Calculate the greatest common divisor of 78 and 17199.
39
Calculate the greatest common divisor of 12 and 162.
6
Calculate the greatest common divisor of 44 and 64.
4
Calculate the highest common divisor of 12 and 222.
6
What is the highest common divisor of 665 and 2415?
35
Calculate the highest common factor of 124 and 2852.
124
Calculate the highest common factor of 2085 and 60.
15
What is the highest common factor of 78 and 234?
78
What is the highest common divisor of 500 and 1450?
50
What is the greatest common factor of 169 and 4?
1
Calculate the greatest common divisor of 636 and 6784.
212
What is the highest common divisor of 7766 and 110?
22
Calculate the greatest common factor of 1600 and 850.
50
What is the highest common factor of 520 and 16770?
130
Calculate the greatest common factor of 1872 and 1224.
72
Calculate the greatest common factor of 38 and 3211.
19
Calculate the highest common divisor of 189 and 21.
21
What is the greatest common divisor of 1073 and 377?
29
Calculate the greatest common factor of 1 and 239.
1
What is the highest common divisor of 10034 and 58?
58
What is the highest common factor of 31 and 496?
31
What is the highest common factor of 310 and 920?
10
What is the highest common factor of 6 and 19332?
6
Calculate the highest common factor of 48 and 2176.
16
What is the highest common divisor of 3724 and 14?
14
What is the highest common divisor of 27 and 450?
9
What is the highest common factor of 28 and 16?
4
What is the highest common factor of 3537 and 27?
27
Calculate the highest common divisor of 40 and 32.
8
What is the highest common divisor of 485 and 5?
5
Calculate the greatest common factor of 11 and 3.
1
Calculate the greatest common factor of 7981 and 3817.
347
What is the greatest common factor of 6608 and 531?
59
What is the greatest common divisor of 130 and 65?
65
Calculate the highest common factor of 212 and 9805.
53
Calculate the greatest common factor of 35906 and 26.
26
What is the greatest common factor of 279 and 9?
9
What is the highest common factor of 1144 and 1001?
143
What is the highest common divisor of 567 and 297?
27
Calculate the highest common divisor of 156 and 27456.
156
Calculate the greatest common factor of 49 and 21.
7
What is the greatest common factor of 6533 and 47?
47
What is the highest common factor of 60 and 255?
15
What is the greatest common factor of 468 and 162?
18
What is the greatest common divisor of 46 and 46?
46
What is the highest common factor of 60 and 4170?
30
Calculate the highest common factor of 1843 and 1940.
97
What is the highest common factor of 1463 and 616?
77
What is the highest common factor of 12 and 876?
12
Calculate the highest common factor of 5 and 5.
5
What is the highest common divisor of 81 and 3?
3
Calculate the greatest common factor of 3 and 950.
1
Calculate the greatest common divisor of 68 and 153.
17
Calculate the highest common factor of 15364 and 644.
92
Calculate the greatest common divisor of 1477 and 7.
7
What is the greatest common factor of 7239 and 57?
57
What is the highest common factor of 1113 and 7?
7
Calculate the highest common divisor of 69 and 5037.
69
Calculate the highest common divisor of 207 and 108.
9
What is the greatest common divisor of 247 and 57?
19
Calculate the highest common factor of 515 and 206.
103
What is the highest common divisor of 16 and 13640?
8
What is the highest common factor of 255 and 285?
15
What is the greatest common divisor of 64 and 33984?
64
What is the greatest common factor of 354 and 6?
6
Calculate the highest common divisor of 9 and 1152.
9
Calculate the greatest common divisor of 61 and 61.
61
Calculate the highest common divisor of 133 and 161.
7
Calculate the greatest common divisor of 84 and 238.
14
Calculate the greatest common f